{"id":1563,"date":"2019-05-07T09:20:41","date_gmt":"2019-05-07T09:20:41","guid":{"rendered":"https:\/\/augmentedtraining.org\/?page_id=1563"},"modified":"2019-05-07T09:22:31","modified_gmt":"2019-05-07T09:22:31","slug":"proteccion-de-datos","status":"publish","type":"page","link":"https:\/\/augmentedtraining.org\/es\/proteccion-de-datos\/","title":{"rendered":"Protecci\u00f3n de Datos"},"content":{"rendered":"<p>De acuerdo con lo establecido por el Reglamento General de Protecci\u00f3n de Datos (UE) 679\/2016, y la ley 3\/2018 de protecci\u00f3n de datos, le informamos que sus datos personales est\u00e1n incluidos en un fichero propiedad de la empresa, y por tanto responsable del tratamiento de sus datos.<\/p>\n<p>La recogida de los datos tiene como finalidad la adecuada organizaci\u00f3n, prestaci\u00f3n y desarrollo de las actividades formativas, actividades complementarias as\u00ed como la gesti\u00f3n administrativa. El Responsable llevar\u00e1 a cabo la destrucci\u00f3n\u00a0 de los datos cuando se cumpla el plazo legal establecido para ello. El Responsable tratar\u00e1 los datos en todo momento de forma absolutamente confidencial y guardando el preceptivo deber de secreto respecto a estos, de conformidad con lo previsto en la normativa de aplicaci\u00f3n, adoptando al efecto las medidas de \u00edndole t\u00e9cnica y organizativas necesarias que garanticen la seguridad de sus datos y eviten su alteraci\u00f3n, p\u00e9rdida, tratamiento o acceso no autorizado.<\/p>\n<p>La base legal para el tratamiento de sus datos es la gesti\u00f3n de la relaci\u00f3n establecida entre las partes al matricularse en nuestra Empresa y el cumplimiento por nuestra parte de las obligaciones legales impuestas.<\/p>\n<p>Asimismo, para el uso de im\u00e1genes del usuario\/a de Soldamatic en medios de comunicaci\u00f3n u otros medios no descritos en el apartado anterior, se solicitar\u00e1 una autorizaci\u00f3n espec\u00edfica.<\/p>\n<p>Los datos personales se conservar\u00e1n mientras no finalice la relaci\u00f3n del usuario\/a con nuestra Empresa y posteriormente se conservar\u00e1n bloqueados durante los plazos de prescripci\u00f3n para atender a posibles reclamaciones, a disposici\u00f3n \u00fanicamente de Juzgados y Tribunales para atender posibles reclamaciones, tras los cuales, dichos datos ser\u00e1n suprimidos.<\/p>\n<p>Igualmente, le informamos la posibilidad de ejercer de manera gratuita los derechos de acceso, rectificaci\u00f3n, cancelaci\u00f3n o supresi\u00f3n, oposici\u00f3n y portabilidad de sus datos en los t\u00e9rminos que establece\u00a0 el Reglamento General de Protecci\u00f3n de Datos (UE) 679\/2016 ley 3\/2018 de protecci\u00f3n de datos, deber\u00e1 de dirigirse para ello a la siguiente direcci\u00f3n: <a href=\"mailto:arg@seabery.es\">arg@seabery.es<\/a>.<\/p>\n<p>Una vez recibida dicha documentaci\u00f3n, atenderemos el ejercicio de sus derechos en los plazos establecidos legalmente y en caso de no haber obtenido satisfacci\u00f3n en el ejercicio de sus derechos podr\u00e1 presentar una reclamaci\u00f3n a la Autoridad de control, Agencia Espa\u00f1ola de Protecci\u00f3n de Datos: <a href=\"http:\/\/www.agdp.es\">www.agdp.es<\/a><\/p>\n<p>&nbsp;<\/p>\n","protected":false},"excerpt":{"rendered":"De acuerdo con lo establecido por el Reglamento General de Protecci\u00f3n de Datos (UE) 679\/2016, y la ley 3\/2018 de protecci\u00f3n de datos, le informamos que sus datos personales est\u00e1n incluidos en un fichero propiedad de la empresa, y por tanto responsable del tratamiento de sus datos. La recogida de los datos tiene como finalidad&#8230;\n","protected":false},"author":6,"featured_media":0,"parent":0,"menu_order":0,"comment_status":"closed","ping_status":"closed","template":"","meta":{"footnotes":""},"class_list":["post-1563","page","type-page","status-publish","hentry"],"yoast_head":"<!-- This site is optimized with the Yoast SEO plugin v27.5 - https:\/\/yoast.com\/product\/yoast-seo-wordpress\/ -->\n<title>Protecci\u00f3n de Datos - Augmented Training<\/title>\n<meta name=\"robots\" content=\"index, follow, max-snippet:-1, max-image-preview:large, max-video-preview:-1\" \/>\n<link rel=\"canonical\" href=\"https:\/\/augmentedtraining.org\/proteccion-de-datos\/\" \/>\n<meta property=\"og:locale\" content=\"es_ES\" \/>\n<meta property=\"og:type\" content=\"article\" \/>\n<meta property=\"og:title\" content=\"Protecci\u00f3n de Datos - Augmented Training\" \/>\n<meta property=\"og:description\" content=\"De acuerdo con lo establecido por el Reglamento General de Protecci\u00f3n de Datos (UE) 679\/2016, y la ley 3\/2018 de protecci\u00f3n de datos, le informamos que sus datos personales est\u00e1n incluidos en un fichero propiedad de la empresa, y por tanto responsable del tratamiento de sus datos. La recogida de los datos tiene como finalidad...\" \/>\n<meta property=\"og:url\" content=\"https:\/\/augmentedtraining.org\/proteccion-de-datos\/\" \/>\n<meta property=\"og:site_name\" content=\"Augmented Training\" \/>\n<meta property=\"article:modified_time\" content=\"2019-05-07T09:22:31+00:00\" \/>\n<meta name=\"twitter:card\" content=\"summary_large_image\" \/>\n<meta name=\"twitter:label1\" content=\"Tiempo de lectura\" \/>\n\t<meta name=\"twitter:data1\" content=\"2 minutos\" \/>\n<script type=\"application\/ld+json\" class=\"yoast-schema-graph\">{\"@context\":\"https:\\\/\\\/schema.org\",\"@graph\":[{\"@type\":\"WebPage\",\"@id\":\"https:\\\/\\\/augmentedtraining.org\\\/proteccion-de-datos\\\/\",\"url\":\"https:\\\/\\\/augmentedtraining.org\\\/proteccion-de-datos\\\/\",\"name\":\"Protecci\u00f3n de Datos - Augmented Training\",\"isPartOf\":{\"@id\":\"https:\\\/\\\/augmentedtraining.org\\\/#website\"},\"datePublished\":\"2019-05-07T09:20:41+00:00\",\"dateModified\":\"2019-05-07T09:22:31+00:00\",\"breadcrumb\":{\"@id\":\"https:\\\/\\\/augmentedtraining.org\\\/proteccion-de-datos\\\/#breadcrumb\"},\"inLanguage\":\"es\",\"potentialAction\":[{\"@type\":\"ReadAction\",\"target\":[\"https:\\\/\\\/augmentedtraining.org\\\/proteccion-de-datos\\\/\"]}]},{\"@type\":\"BreadcrumbList\",\"@id\":\"https:\\\/\\\/augmentedtraining.org\\\/proteccion-de-datos\\\/#breadcrumb\",\"itemListElement\":[{\"@type\":\"ListItem\",\"position\":1,\"name\":\"Portada\",\"item\":\"https:\\\/\\\/augmentedtraining.org\\\/\"},{\"@type\":\"ListItem\",\"position\":2,\"name\":\"Protecci\u00f3n de Datos\"}]},{\"@type\":\"WebSite\",\"@id\":\"https:\\\/\\\/augmentedtraining.org\\\/#website\",\"url\":\"https:\\\/\\\/augmentedtraining.org\\\/\",\"name\":\"Augmented Training\",\"description\":\"Transformando la educaci\u00f3n y la formaci\u00f3n con Realidad Aumentada\",\"publisher\":{\"@id\":\"https:\\\/\\\/augmentedtraining.org\\\/#organization\"},\"potentialAction\":[{\"@type\":\"SearchAction\",\"target\":{\"@type\":\"EntryPoint\",\"urlTemplate\":\"https:\\\/\\\/augmentedtraining.org\\\/?s={search_term_string}\"},\"query-input\":{\"@type\":\"PropertyValueSpecification\",\"valueRequired\":true,\"valueName\":\"search_term_string\"}}],\"inLanguage\":\"es\"},{\"@type\":\"Organization\",\"@id\":\"https:\\\/\\\/augmentedtraining.org\\\/#organization\",\"name\":\"Augmented Training\",\"url\":\"https:\\\/\\\/augmentedtraining.org\\\/\",\"logo\":{\"@type\":\"ImageObject\",\"inLanguage\":\"es\",\"@id\":\"https:\\\/\\\/augmentedtraining.org\\\/#\\\/schema\\\/logo\\\/image\\\/\",\"url\":\"https:\\\/\\\/augmentedtraining.org\\\/wp-content\\\/uploads\\\/2024\\\/02\\\/cropped-MicrosoftTeams-image-21.jpg\",\"contentUrl\":\"https:\\\/\\\/augmentedtraining.org\\\/wp-content\\\/uploads\\\/2024\\\/02\\\/cropped-MicrosoftTeams-image-21.jpg\",\"width\":433,\"height\":144,\"caption\":\"Augmented Training\"},\"image\":{\"@id\":\"https:\\\/\\\/augmentedtraining.org\\\/#\\\/schema\\\/logo\\\/image\\\/\"}}]}<\/script>\n<!-- \/ Yoast SEO plugin. -->","yoast_head_json":{"title":"Protecci\u00f3n de Datos - Augmented Training","robots":{"index":"index","follow":"follow","max-snippet":"max-snippet:-1","max-image-preview":"max-image-preview:large","max-video-preview":"max-video-preview:-1"},"canonical":"https:\/\/augmentedtraining.org\/proteccion-de-datos\/","og_locale":"es_ES","og_type":"article","og_title":"Protecci\u00f3n de Datos - Augmented Training","og_description":"De acuerdo con lo establecido por el Reglamento General de Protecci\u00f3n de Datos (UE) 679\/2016, y la ley 3\/2018 de protecci\u00f3n de datos, le informamos que sus datos personales est\u00e1n incluidos en un fichero propiedad de la empresa, y por tanto responsable del tratamiento de sus datos. La recogida de los datos tiene como finalidad...","og_url":"https:\/\/augmentedtraining.org\/proteccion-de-datos\/","og_site_name":"Augmented Training","article_modified_time":"2019-05-07T09:22:31+00:00","twitter_card":"summary_large_image","twitter_misc":{"Tiempo de lectura":"2 minutos"},"schema":{"@context":"https:\/\/schema.org","@graph":[{"@type":"WebPage","@id":"https:\/\/augmentedtraining.org\/proteccion-de-datos\/","url":"https:\/\/augmentedtraining.org\/proteccion-de-datos\/","name":"Protecci\u00f3n de Datos - Augmented Training","isPartOf":{"@id":"https:\/\/augmentedtraining.org\/#website"},"datePublished":"2019-05-07T09:20:41+00:00","dateModified":"2019-05-07T09:22:31+00:00","breadcrumb":{"@id":"https:\/\/augmentedtraining.org\/proteccion-de-datos\/#breadcrumb"},"inLanguage":"es","potentialAction":[{"@type":"ReadAction","target":["https:\/\/augmentedtraining.org\/proteccion-de-datos\/"]}]},{"@type":"BreadcrumbList","@id":"https:\/\/augmentedtraining.org\/proteccion-de-datos\/#breadcrumb","itemListElement":[{"@type":"ListItem","position":1,"name":"Portada","item":"https:\/\/augmentedtraining.org\/"},{"@type":"ListItem","position":2,"name":"Protecci\u00f3n de Datos"}]},{"@type":"WebSite","@id":"https:\/\/augmentedtraining.org\/#website","url":"https:\/\/augmentedtraining.org\/","name":"Augmented Training","description":"Transformando la educaci\u00f3n y la formaci\u00f3n con Realidad Aumentada","publisher":{"@id":"https:\/\/augmentedtraining.org\/#organization"},"potentialAction":[{"@type":"SearchAction","target":{"@type":"EntryPoint","urlTemplate":"https:\/\/augmentedtraining.org\/?s={search_term_string}"},"query-input":{"@type":"PropertyValueSpecification","valueRequired":true,"valueName":"search_term_string"}}],"inLanguage":"es"},{"@type":"Organization","@id":"https:\/\/augmentedtraining.org\/#organization","name":"Augmented Training","url":"https:\/\/augmentedtraining.org\/","logo":{"@type":"ImageObject","inLanguage":"es","@id":"https:\/\/augmentedtraining.org\/#\/schema\/logo\/image\/","url":"https:\/\/augmentedtraining.org\/wp-content\/uploads\/2024\/02\/cropped-MicrosoftTeams-image-21.jpg","contentUrl":"https:\/\/augmentedtraining.org\/wp-content\/uploads\/2024\/02\/cropped-MicrosoftTeams-image-21.jpg","width":433,"height":144,"caption":"Augmented Training"},"image":{"@id":"https:\/\/augmentedtraining.org\/#\/schema\/logo\/image\/"}}]}},"_links":{"self":[{"href":"https:\/\/augmentedtraining.org\/es\/wp-json\/wp\/v2\/pages\/1563","targetHints":{"allow":["GET"]}}],"collection":[{"href":"https:\/\/augmentedtraining.org\/es\/wp-json\/wp\/v2\/pages"}],"about":[{"href":"https:\/\/augmentedtraining.org\/es\/wp-json\/wp\/v2\/types\/page"}],"author":[{"embeddable":true,"href":"https:\/\/augmentedtraining.org\/es\/wp-json\/wp\/v2\/users\/6"}],"replies":[{"embeddable":true,"href":"https:\/\/augmentedtraining.org\/es\/wp-json\/wp\/v2\/comments?post=1563"}],"version-history":[{"count":2,"href":"https:\/\/augmentedtraining.org\/es\/wp-json\/wp\/v2\/pages\/1563\/revisions"}],"predecessor-version":[{"id":1565,"href":"https:\/\/augmentedtraining.org\/es\/wp-json\/wp\/v2\/pages\/1563\/revisions\/1565"}],"wp:attachment":[{"href":"https:\/\/augmentedtraining.org\/es\/wp-json\/wp\/v2\/media?parent=1563"}],"curies":[{"name":"wp","href":"https:\/\/api.w.org\/{rel}","templated":true}]}}

Protección de Datos

<p>De acuerdo con lo establecido por el Reglamento General de Protección de Datos (UE) 679/2016, y la ley 3/2018 de protección de datos, le informamos que sus datos personales están incluidos en un fichero propiedad de la empresa, y por tanto responsable del tratamiento de sus datos.</p>
<p>La recogida de los datos tiene como finalidad la adecuada organización, prestación y desarrollo de las actividades formativas, actividades complementarias así como la gestión administrativa. El Responsable llevará a cabo la destrucción  de los datos cuando se cumpla el plazo legal establecido para ello. El Responsable tratará los datos en todo momento de forma absolutamente confidencial y guardando el preceptivo deber de secreto respecto a estos, de conformidad con lo previsto en la normativa de aplicación, adoptando al efecto las medidas de índole técnica y organizativas necesarias que garanticen la seguridad de sus datos y eviten su alteración, pérdida, tratamiento o acceso no autorizado.</p>
<p>La base legal para el tratamiento de sus datos es la gestión de la relación establecida entre las partes al matricularse en nuestra Empresa y el cumplimiento por nuestra parte de las obligaciones legales impuestas.</p>
<p>Asimismo, para el uso de imágenes del usuario/a de Soldamatic en medios de comunicación u otros medios no descritos en el apartado anterior, se solicitará una autorización específica.</p>
<p>Los datos personales se conservarán mientras no finalice la relación del usuario/a con nuestra Empresa y posteriormente se conservarán bloqueados durante los plazos de prescripción para atender a posibles reclamaciones, a disposición únicamente de Juzgados y Tribunales para atender posibles reclamaciones, tras los cuales, dichos datos serán suprimidos.</p>
<p>Igualmente, le informamos la posibilidad de ejercer de manera gratuita los derechos de acceso, rectificación, cancelación o supresión, oposición y portabilidad de sus datos en los términos que establece  el Reglamento General de Protección de Datos (UE) 679/2016 ley 3/2018 de protección de datos, deberá de dirigirse para ello a la siguiente dirección: <a href="mailto:arg@seabery.es">arg@seabery.es</a>.</p>
<p>Una vez recibida dicha documentación, atenderemos el ejercicio de sus derechos en los plazos establecidos legalmente y en caso de no haber obtenido satisfacción en el ejercicio de sus derechos podrá presentar una reclamación a la Autoridad de control, Agencia Española de Protección de Datos: <a href="http://www.agdp.es">www.agdp.es</a></p>
<p>&nbsp;</p>

De acuerdo con lo establecido por el Reglamento General de Protección de Datos (UE) 679/2016, y la ley 3/2018 de protección de datos, le informamos que sus datos personales están incluidos en un fichero propiedad de la empresa, y por tanto responsable del tratamiento de sus datos. La recogida de los datos tiene como finalidad&#8230;

<!-- This site is optimized with the Yoast SEO plugin v27.5 - https://yoast.com/product/yoast-seo-wordpress/ -->
<title>Protección de Datos - Augmented Training</title>
<meta name="robots" content="index, follow, max-snippet:-1, max-image-preview:large, max-video-preview:-1" />
<link rel="canonical" href="https://augmentedtraining.org/proteccion-de-datos/" />
<meta property="og:locale" content="es_ES" />
<meta property="og:type" content="article" />
<meta property="og:title" content="Protección de Datos - Augmented Training" />
<meta property="og:description" content="De acuerdo con lo establecido por el Reglamento General de Protección de Datos (UE) 679/2016, y la ley 3/2018 de protección de datos, le informamos que sus datos personales están incluidos en un fichero propiedad de la empresa, y por tanto responsable del tratamiento de sus datos. La recogida de los datos tiene como finalidad..." />
<meta property="og:url" content="https://augmentedtraining.org/proteccion-de-datos/" />
<meta property="og:site_name" content="Augmented Training" />
<meta property="article:modified_time" content="2019-05-07T09:22:31+00:00" />
<meta name="twitter:card" content="summary_large_image" />
<meta name="twitter:label1" content="Tiempo de lectura" />
	<meta name="twitter:data1" content="2 minutos" />
<script type="application/ld+json" class="yoast-schema-graph">{"@context":"https:\/\/schema.org","@graph":[{"@type":"WebPage","@id":"https:\/\/augmentedtraining.org\/proteccion-de-datos\/","url":"https:\/\/augmentedtraining.org\/proteccion-de-datos\/","name":"Protección de Datos - Augmented Training","isPartOf":{"@id":"https:\/\/augmentedtraining.org\/#website"},"datePublished":"2019-05-07T09:20:41+00:00","dateModified":"2019-05-07T09:22:31+00:00","breadcrumb":{"@id":"https:\/\/augmentedtraining.org\/proteccion-de-datos\/#breadcrumb"},"inLanguage":"es","potentialAction":[{"@type":"ReadAction","target":["https:\/\/augmentedtraining.org\/proteccion-de-datos\/"]}]},{"@type":"BreadcrumbList","@id":"https:\/\/augmentedtraining.org\/proteccion-de-datos\/#breadcrumb","itemListElement":[{"@type":"ListItem","position":1,"name":"Portada","item":"https:\/\/augmentedtraining.org\/"},{"@type":"ListItem","position":2,"name":"Protección de Datos"}]},{"@type":"WebSite","@id":"https:\/\/augmentedtraining.org\/#website","url":"https:\/\/augmentedtraining.org\/","name":"Augmented Training","description":"Transformando la educación y la formación con Realidad Aumentada","publisher":{"@id":"https:\/\/augmentedtraining.org\/#organization"},"potentialAction":[{"@type":"SearchAction","target":{"@type":"EntryPoint","urlTemplate":"https:\/\/augmentedtraining.org\/?s={search_term_string}"},"query-input":{"@type":"PropertyValueSpecification","valueRequired":true,"valueName":"search_term_string"}}],"inLanguage":"es"},{"@type":"Organization","@id":"https:\/\/augmentedtraining.org\/#organization","name":"Augmented Training","url":"https:\/\/augmentedtraining.org\/","logo":{"@type":"ImageObject","inLanguage":"es","@id":"https:\/\/augmentedtraining.org\/#\/schema\/logo\/image\/","url":"https:\/\/augmentedtraining.org\/wp-content\/uploads\/2024\/02\/cropped-MicrosoftTeams-image-21.jpg","contentUrl":"https:\/\/augmentedtraining.org\/wp-content\/uploads\/2024\/02\/cropped-MicrosoftTeams-image-21.jpg","width":433,"height":144,"caption":"Augmented Training"},"image":{"@id":"https:\/\/augmentedtraining.org\/#\/schema\/logo\/image\/"}}]}</script>
<!-- / Yoast SEO plugin. -->

Protección de Datos - Augmented Training

De acuerdo con lo establecido por el Reglamento General de Protección de Datos (UE) 679/2016, y la ley 3/2018 de protección de datos, le informamos que sus datos personales están incluidos en un fichero propiedad de la empresa, y por tanto responsable del tratamiento de sus datos. La recogida de los datos tiene como finalidad...

Transformando la educación y la formación con Realidad Aumentada
